on divisor of 713 and 23.
23
Calculate the highest common divisor of 32 and 488.
8
Calculate the greatest common factor of 8 and 856.
8
What is the highest common divisor of 261 and 9?
9
What is the highest common divisor of 288 and 1062?
18
What is the greatest common divisor of 102 and 786?
6
Calculate the highest common divisor of 5491 and 578.
289
Calculate the greatest common factor of 20 and 8420.
20
What is the greatest common factor of 16 and 172?
4
Calculate the greatest common divisor of 608 and 64.
32
Calculate the highest common factor of 72 and 3303.
9
Calculate the highest common factor of 8676 and 36.
36
Calculate the greatest common factor of 69 and 3.
3
What is the highest common factor of 2058 and 42?
42
What is the greatest common divisor of 152 and 1634?
38
What is the greatest common divisor of 272 and 1564?
68
Calculate the greatest common factor of 291 and 3.
3
Calculate the greatest common divisor of 72 and 5112.
72
Calculate the highest common divisor of 22 and 418.
22
What is the greatest common factor of 603 and 144?
9
What is the greatest common factor of 14496 and 120?
24
Calculate the highest common divisor of 25945 and 5.
5
Calculate the greatest common factor of 2 and 322.
2
What is the highest common divisor of 803 and 22?
11
Calculate the greatest common factor of 82 and 23.
1
What is the highest common factor of 99 and 5764?
11
Calculate the greatest common divisor of 2759 and 31.
31
Calculate the highest common divisor of 14985 and 370.
185
Calculate the highest common divisor of 1507 and 137.
137
What is the highest common factor of 76 and 304?
76
What is the greatest common divisor of 125 and 200?
25
What is the greatest common factor of 1236 and 12?
12
What is the greatest common divisor of 2460 and 12?
12
What is the greatest common divisor of 28 and 525?
7
Calculate the greatest common factor of 5377 and 19.
19
Calculate the greatest common factor of 208 and 156.
52
What is the greatest common factor of 248 and 558?
62
What is the highest common divisor of 689 and 106?
53
What is the greatest common factor of 179 and 24523?
179
What is the highest common divisor of 323 and 34?
17
What is the highest common divisor of 3906 and 126?
126
Calculate the highest common factor of 979 and 11.
11
Calculate the highest common factor of 814 and 143.
11
What is the greatest common factor of 10 and 50?
10
What is the highest common divisor of 48841 and 289?
289
What is the highest common divisor of 242 and 352?
22
What is the highest common factor of 144 and 165024?
144
What is the greatest common factor of 2058 and 15?
3
Calculate the greatest common divisor of 78 and 1898.
26
What is the highest common factor of 975 and 60?
15
What is the greatest common divisor of 114 and 6?
6
What is the highest common divisor of 24 and 492?
12
What is the greatest common divisor of 1078 and 22?
22
What is the greatest common factor of 40 and 500?
20
Calculate the greatest common factor of 39 and 26.
13
What is the highest common divisor of 87 and 261?
87
Calculate the greatest common divisor of 72 and 1602.
18
What is the greatest common divisor of 6084 and 36?
36
What is the highest common factor of 154 and 44?
22
Calculate the greatest common factor of 3164 and 28.
28
Calculate the highest common factor of 117 and 78.
39
Calculate the highest common factor of 234 and 741.
39
Calculate the highest common divisor of 507 and 39.
39
What is the highest common divisor of 15 and 705?
15
Calculate the highest common factor of 3346 and 28.
14
Calculate the highest common divisor of 14 and 224.
14
Calculate the greatest common divisor of 15 and 55.
5
Calculate the greatest common divisor of 7 and 47.
1
Calculate the greatest common divisor of 112 and 70.
14
What is the greatest common divisor of 276 and 12?
12
What is the greatest common factor of 4 and 1132?
4
What is the greatest common divisor of 5353 and 202?
101
Calculate the greatest common factor of 2331 and 222.
111
What is the highest common factor of 35 and 189?
7
Calculate the greatest common factor of 689 and 13.
13
What is the greatest common factor of 1476 and 18?
18
What is the highest common divisor of 15 and 20535?
15
What is the greatest common divisor of 96 and 192?
96
Calculate the greatest common divisor of 64 and 164.
4
Calculate the greatest common divisor of 176 and 440.
88
What is the highest common factor of 30 and 156?
6
Calculate the greatest common divisor of 2516 and 17.
17
Calculate the highest common divisor of 48 and 252.
12
Calculate the highest common divisor of 116 and 667.
29
What is the highest common divisor of 52 and 8164?
52
Calculate the greatest common factor of 13 and 247.
13
Calculate the greatest common factor of 84 and 112.
28
Calculate the highest common divisor of 44 and 209.
11
Calculate the highest common divisor of 6 and 1382.
2
Calculate the highest common factor of 38504 and 8.
8
What is the greatest common factor of 172 and 129?
43
What is the greatest common factor of 72 and 126?
18
Calculate the greatest common divisor of 10117 and 201.
67
Calculate the greatest common factor of 11 and 2926.
11
Calculate the greatest common divisor of 36 and 7848.
36
What is the highest common divisor of 2184 and 216?
24
What is the highest common divisor of 625 and 20?
5
What is the highest common factor of 8900 and 125?
25
Calculate the greatest common factor of 219 and 2263.
73
What is the greatest common divisor of 101 and 10807?
101
Calculate the highest common divisor of 242 and 10.
2
What is the greatest common divisor of 14 and 512?
2
Calculate the greatest common divisor of 8 and 1304.
8
What is the greatest common divisor of 13 and 481?
13
Calculate the highest common divisor of 258 and 516.
258
Calculate the greatest common divisor of 162013 and 19.
19
Calculate the greatest common divisor of 137 and 3973.
137
What is the highest common factor of 30 and 315?
15
Calculate the highest common factor of 32 and 496.
16
Calculate the greatest common divisor of 50 and 450.
50
What is the greatest common factor of 206 and 8?
2
What is the highest common factor of 9700 and 100?
100
What is the highest common factor of 871 and 26?
13
Calculate the greatest common divisor of 35 and 1239.
7
Calculate the greatest common factor of 343 and 28.
7
What is the greatest common factor of 9548 and 88?
44
Calculate the highest common factor of 15 and 123.
3
What is the highest common factor of 510 and 204?
102
What is the highest common factor of 45 and 165?
15
Calculate the highest common factor of 65 and 2.
1
What is the greatest common divisor of 114 and 38?
38
What is the highest common factor of 44 and 814?
22
What is the greatest common divisor of 2244 and 425?
17
Calculate the greatest common factor of 86 and 4.
2
Calculate the highest common factor of 432 and 480.
48
Calculate the highest common divisor of 21 and 1218.
21
Calculate the highest common divisor of 37 and 9287.
37
What is the greatest common divisor of 123 and 27?
3
What is the greatest common divisor of 114 and 6?
6
Calculate the highest common factor of 6802 and 114.
38
Calculate the greatest common divisor of 266 and 1159.
19
Calculate the greatest common factor of 2540 and 40.
20
Calculate the highest common factor of 7954 and 410.
82
Calculate the highest common factor of 18 and 96.
6
What is the highest common factor of 350 and 154?
14
What is the greatest common divisor of 726 and 6?
6
Calculate the highest common factor of 210 and 26880.
210
What is the highest common divisor of 81 and 297?
27
Calculate the greatest common factor of 118 and 18172.
118
What is the greatest common divisor of 78 and 186?
6
Calculate the greatest common divisor of 702 and 585.
117
Calculate the highest common factor of 1425 and 114.
57
What is the highest common divisor of 639 and 72?
9
What is the greatest common factor of 5811 and 117?
39
What is the highest common divisor of 756 and 54?
54
What is the greatest common divisor of 115 and 10?
5
Calculate the highest common factor of 111 and 2516.
37
What is the highest common factor of 946 and 22?
22
Calculate the highest common divisor of 360 and 126.
18
What is the highest common divisor of 35 and 21875?
35
What is the highest common diviso